{"id":2122,"date":"2019-04-15T10:45:35","date_gmt":"2019-04-15T08:45:35","guid":{"rendered":"http:\/\/www.fundacioiris.org\/serveis\/"},"modified":"2025-07-31T16:43:31","modified_gmt":"2025-07-31T14:43:31","slug":"servicios","status":"publish","type":"page","link":"https:\/\/www.fundacioiris.org\/es\/servicios\/","title":{"rendered":"Empresa social"},"content":{"rendered":"<section class=\"wpb-content-wrapper\"><p>[vc_row top_margin=\u00bbpage-margin-top-section\u00bb el_class=\u00bbpadding-bottom-100 col2-services\u00bb][vc_column]<ul class=\"services-list clearfix gray\"><li class=\"vc_row wpb_row vc_row-fluid\"><ul><li><a href=\"https:\/\/www.fundacioiris.org\/es\/servicios\/jardineria\/\" title=\"Jardiner\u00eda\"><img loading=\"lazy\" decoding=\"async\" width=\"480\" height=\"320\" src=\"https:\/\/www.fundacioiris.org\/wp-content\/uploads\/2019\/04\/NURI-13-480x320.jpg\" class=\"attachment-medium-thumb size-medium-thumb wp-post-image\" alt=\"Jardiner\u00eda\" title=\"\" srcset=\"https:\/\/www.fundacioiris.org\/wp-content\/uploads\/2019\/04\/NURI-13-480x320.jpg 480w, https:\/\/www.fundacioiris.org\/wp-content\/uploads\/2019\/04\/NURI-13-370x246.jpg 370w\" sizes=\"(max-width: 480px) 100vw, 480px\" \/><\/a><h4 class=\"box-header\"><a href=\"https:\/\/www.fundacioiris.org\/es\/servicios\/jardineria\/\" title=\"Jardiner\u00eda\">Jardiner\u00eda<\/a><\/h4><p>El Centro Especial de Trabajo de jardiner\u00eda ofrece todo tipo de servicios que integran la construcci\u00f3n y el mantenimiento de zonas ajardinadas.<\/p>\n<\/li><li><a href=\"https:\/\/www.fundacioiris.org\/es\/servicios\/lavanderia\/\" title=\"Lavander\u00eda\"><img loading=\"lazy\" decoding=\"async\" width=\"480\" height=\"320\" src=\"https:\/\/www.fundacioiris.org\/wp-content\/uploads\/2019\/04\/NURI-36-1-480x320.jpg\" class=\"attachment-medium-thumb size-medium-thumb wp-post-image\" alt=\"Lavander\u00eda\" title=\"\" srcset=\"https:\/\/www.fundacioiris.org\/wp-content\/uploads\/2019\/04\/NURI-36-1-480x320.jpg 480w, https:\/\/www.fundacioiris.org\/wp-content\/uploads\/2019\/04\/NURI-36-1-370x246.jpg 370w\" sizes=\"(max-width: 480px) 100vw, 480px\" \/><\/a><h4 class=\"box-header\"><a href=\"https:\/\/www.fundacioiris.org\/es\/servicios\/lavanderia\/\" title=\"Lavander\u00eda\">Lavander\u00eda<\/a><\/h4><p>Realizamos limpieza, secado, planchado y plegado de todo tipo de ropa de aerol\u00edneas, restaurantes, laboratorios, hoteles y de particulares.<\/p>\n<\/li><li><a href=\"https:\/\/www.fundacioiris.org\/es\/servicios\/manipulados\/\" title=\"Manipulados\"><img loading=\"lazy\" decoding=\"async\" width=\"480\" height=\"320\" src=\"https:\/\/www.fundacioiris.org\/wp-content\/uploads\/2019\/04\/NURI-70-480x320.jpg\" class=\"attachment-medium-thumb size-medium-thumb wp-post-image\" alt=\"Manipulados\" title=\"\" srcset=\"https:\/\/www.fundacioiris.org\/wp-content\/uploads\/2019\/04\/NURI-70-480x320.jpg 480w, https:\/\/www.fundacioiris.org\/wp-content\/uploads\/2019\/04\/NURI-70-370x246.jpg 370w\" sizes=\"(max-width: 480px) 100vw, 480px\" \/><\/a><h4 class=\"box-header\"><a href=\"https:\/\/www.fundacioiris.org\/es\/servicios\/manipulados\/\" title=\"Manipulados\">Manipulados<\/a><\/h4><p>Ofrecemos servicios de manipulaci\u00f3n de gran precisi\u00f3n y calidad como montaje, packaging, ensobrados, alzados o lavado de embalajes pl\u00e1sticos.<\/p>\n<\/li><\/ul><\/li><\/ul>[vc_empty_space height=\u00bb60px\u00bb][vc_single_image image=\u00bb4095&#8243; img_size=\u00bb700&#215;120&#8243; alignment=\u00bbcenter\u00bb][\/vc_column][\/vc_row]<\/p>\n<\/section>","protected":false},"excerpt":{"rendered":"<p>[vc_row top_margin=\u00bbpage-margin-top-section\u00bb el_class=\u00bbpadding-bottom-100 col2-services\u00bb][vc_column][vc_empty_space height=\u00bb60px\u00bb][vc_single_image image=\u00bb4095&#8243; img_size=\u00bb700&#215;120&#8243; alignment=\u00bbcenter\u00bb][\/vc_column][\/vc_row]<\/p>\n","protected":false},"author":3,"featured_media":0,"parent":0,"menu_order":0,"comment_status":"closed","ping_status":"closed","template":"","meta":{"_acf_changed":false,"footnotes":""},"acf":[],"yoast_head":"<!-- This site is optimized with the Yoast SEO plugin v24.5 - https:\/\/yoast.com\/wordpress\/plugins\/seo\/ -->\n<title>Empresa social | Fundaci\u00f3 Iris<\/title>\n<meta name=\"description\" content=\"CET Iris tiene como objetivo conseguir la m\u00e1xima adaptaci\u00f3n e integraci\u00f3n laboral y social de los trabajadores con discapacidad intelectual.\" \/>\n<meta name=\"robots\" content=\"index, follow, max-snippet:-1, max-image-preview:large, max-video-preview:-1\" \/>\n<link rel=\"canonical\" href=\"https:\/\/www.fundacioiris.org\/es\/servicios\/\" \/>\n<meta property=\"og:locale\" content=\"es_ES\" \/>\n<meta property=\"og:type\" content=\"article\" \/>\n<meta property=\"og:title\" content=\"Empresa social | Fundaci\u00f3 Iris\" \/>\n<meta property=\"og:description\" content=\"CET Iris tiene como objetivo conseguir la m\u00e1xima adaptaci\u00f3n e integraci\u00f3n laboral y social de los trabajadores con discapacidad intelectual.\" \/>\n<meta property=\"og:url\" content=\"https:\/\/www.fundacioiris.org\/es\/servicios\/\" \/>\n<meta property=\"og:site_name\" content=\"Fundaci\u00f3 Iris\" \/>\n<meta property=\"article:modified_time\" content=\"2025-07-31T14:43:31+00:00\" \/>\n<meta name=\"twitter:card\" content=\"summary_large_image\" \/>\n<meta name=\"twitter:label1\" content=\"Tiempo de lectura\" \/>\n\t<meta name=\"twitter:data1\" content=\"1 minuto\" \/>\n<script type=\"application\/ld+json\" class=\"yoast-schema-graph\">{\"@context\":\"https:\/\/schema.org\",\"@graph\":[{\"@type\":\"WebPage\",\"@id\":\"https:\/\/www.fundacioiris.org\/es\/servicios\/\",\"url\":\"https:\/\/www.fundacioiris.org\/es\/servicios\/\",\"name\":\"Empresa social | Fundaci\u00f3 Iris\",\"isPartOf\":{\"@id\":\"https:\/\/www.fundacioiris.org\/es\/#website\"},\"datePublished\":\"2019-04-15T08:45:35+00:00\",\"dateModified\":\"2025-07-31T14:43:31+00:00\",\"description\":\"CET Iris tiene como objetivo conseguir la m\u00e1xima adaptaci\u00f3n e integraci\u00f3n laboral y social de los trabajadores con discapacidad intelectual.\",\"breadcrumb\":{\"@id\":\"https:\/\/www.fundacioiris.org\/es\/servicios\/#breadcrumb\"},\"inLanguage\":\"es\",\"potentialAction\":[{\"@type\":\"ReadAction\",\"target\":[\"https:\/\/www.fundacioiris.org\/es\/servicios\/\"]}]},{\"@type\":\"BreadcrumbList\",\"@id\":\"https:\/\/www.fundacioiris.org\/es\/servicios\/#breadcrumb\",\"itemListElement\":[{\"@type\":\"ListItem\",\"position\":1,\"name\":\"Inici\",\"item\":\"https:\/\/www.fundacioiris.org\/es\/\"},{\"@type\":\"ListItem\",\"position\":2,\"name\":\"Empresa social\"}]},{\"@type\":\"WebSite\",\"@id\":\"https:\/\/www.fundacioiris.org\/es\/#website\",\"url\":\"https:\/\/www.fundacioiris.org\/es\/\",\"name\":\"Fundaci\u00f3 Iris\",\"description\":\"Desde 1973 al lado de las personas con discapacidad intelectual\",\"potentialAction\":[{\"@type\":\"SearchAction\",\"target\":{\"@type\":\"EntryPoint\",\"urlTemplate\":\"https:\/\/www.fundacioiris.org\/es\/?s={search_term_string}\"},\"query-input\":{\"@type\":\"PropertyValueSpecification\",\"valueRequired\":true,\"valueName\":\"search_term_string\"}}],\"inLanguage\":\"es\"}]}<\/script>\n<!-- \/ Yoast SEO plugin. -->","yoast_head_json":{"title":"Empresa social | Fundaci\u00f3 Iris","description":"CET Iris tiene como objetivo conseguir la m\u00e1xima adaptaci\u00f3n e integraci\u00f3n laboral y social de los trabajadores con discapacidad intelectual.","robots":{"index":"index","follow":"follow","max-snippet":"max-snippet:-1","max-image-preview":"max-image-preview:large","max-video-preview":"max-video-preview:-1"},"canonical":"https:\/\/www.fundacioiris.org\/es\/servicios\/","og_locale":"es_ES","og_type":"article","og_title":"Empresa social | Fundaci\u00f3 Iris","og_description":"CET Iris tiene como objetivo conseguir la m\u00e1xima adaptaci\u00f3n e integraci\u00f3n laboral y social de los trabajadores con discapacidad intelectual.","og_url":"https:\/\/www.fundacioiris.org\/es\/servicios\/","og_site_name":"Fundaci\u00f3 Iris","article_modified_time":"2025-07-31T14:43:31+00:00","twitter_card":"summary_large_image","twitter_misc":{"Tiempo de lectura":"1 minuto"},"schema":{"@context":"https:\/\/schema.org","@graph":[{"@type":"WebPage","@id":"https:\/\/www.fundacioiris.org\/es\/servicios\/","url":"https:\/\/www.fundacioiris.org\/es\/servicios\/","name":"Empresa social | Fundaci\u00f3 Iris","isPartOf":{"@id":"https:\/\/www.fundacioiris.org\/es\/#website"},"datePublished":"2019-04-15T08:45:35+00:00","dateModified":"2025-07-31T14:43:31+00:00","description":"CET Iris tiene como objetivo conseguir la m\u00e1xima adaptaci\u00f3n e integraci\u00f3n laboral y social de los trabajadores con discapacidad intelectual.","breadcrumb":{"@id":"https:\/\/www.fundacioiris.org\/es\/servicios\/#breadcrumb"},"inLanguage":"es","potentialAction":[{"@type":"ReadAction","target":["https:\/\/www.fundacioiris.org\/es\/servicios\/"]}]},{"@type":"BreadcrumbList","@id":"https:\/\/www.fundacioiris.org\/es\/servicios\/#breadcrumb","itemListElement":[{"@type":"ListItem","position":1,"name":"Inici","item":"https:\/\/www.fundacioiris.org\/es\/"},{"@type":"ListItem","position":2,"name":"Empresa social"}]},{"@type":"WebSite","@id":"https:\/\/www.fundacioiris.org\/es\/#website","url":"https:\/\/www.fundacioiris.org\/es\/","name":"Fundaci\u00f3 Iris","description":"Desde 1973 al lado de las personas con discapacidad intelectual","potentialAction":[{"@type":"SearchAction","target":{"@type":"EntryPoint","urlTemplate":"https:\/\/www.fundacioiris.org\/es\/?s={search_term_string}"},"query-input":{"@type":"PropertyValueSpecification","valueRequired":true,"valueName":"search_term_string"}}],"inLanguage":"es"}]}},"_links":{"self":[{"href":"https:\/\/www.fundacioiris.org\/es\/wp-json\/wp\/v2\/pages\/2122"}],"collection":[{"href":"https:\/\/www.fundacioiris.org\/es\/wp-json\/wp\/v2\/pages"}],"about":[{"href":"https:\/\/www.fundacioiris.org\/es\/wp-json\/wp\/v2\/types\/page"}],"author":[{"embeddable":true,"href":"https:\/\/www.fundacioiris.org\/es\/wp-json\/wp\/v2\/users\/3"}],"replies":[{"embeddable":true,"href":"https:\/\/www.fundacioiris.org\/es\/wp-json\/wp\/v2\/comments?post=2122"}],"version-history":[{"count":6,"href":"https:\/\/www.fundacioiris.org\/es\/wp-json\/wp\/v2\/pages\/2122\/revisions"}],"predecessor-version":[{"id":5156,"href":"https:\/\/www.fundacioiris.org\/es\/wp-json\/wp\/v2\/pages\/2122\/revisions\/5156"}],"wp:attachment":[{"href":"https:\/\/www.fundacioiris.org\/es\/wp-json\/wp\/v2\/media?parent=2122"}],"curies":[{"name":"wp","href":"https:\/\/api.w.org\/{rel}","templated":true}]}}

<section class="wpb-content-wrapper"><p>[vc_row top_margin=»page-margin-top-section» el_class=»padding-bottom-100 col2-services»][vc_column]<ul class="services-list clearfix gray"><li class="vc_row wpb_row vc_row-fluid"><ul><li><a href="https://www.fundacioiris.org/es/servicios/jardineria/" title="Jardinería"><img loading="lazy" decoding="async" width="480" height="320" src="https://www.fundacioiris.org/wp-content/uploads/2019/04/NURI-13-480x320.jpg" class="attachment-medium-thumb size-medium-thumb wp-post-image" alt="Jardinería" title="" srcset="https://www.fundacioiris.org/wp-content/uploads/2019/04/NURI-13-480x320.jpg 480w, https://www.fundacioiris.org/wp-content/uploads/2019/04/NURI-13-370x246.jpg 370w" sizes="(max-width: 480px) 100vw, 480px" /></a><h4 class="box-header"><a href="https://www.fundacioiris.org/es/servicios/jardineria/" title="Jardinería">Jardinería</a></h4><p>El Centro Especial de Trabajo de jardinería ofrece todo tipo de servicios que integran la construcción y el mantenimiento de zonas ajardinadas.</p>
</li><li><a href="https://www.fundacioiris.org/es/servicios/lavanderia/" title="Lavandería"><img loading="lazy" decoding="async" width="480" height="320" src="https://www.fundacioiris.org/wp-content/uploads/2019/04/NURI-36-1-480x320.jpg" class="attachment-medium-thumb size-medium-thumb wp-post-image" alt="Lavandería" title="" srcset="https://www.fundacioiris.org/wp-content/uploads/2019/04/NURI-36-1-480x320.jpg 480w, https://www.fundacioiris.org/wp-content/uploads/2019/04/NURI-36-1-370x246.jpg 370w" sizes="(max-width: 480px) 100vw, 480px" /></a><h4 class="box-header"><a href="https://www.fundacioiris.org/es/servicios/lavanderia/" title="Lavandería">Lavandería</a></h4><p>Realizamos limpieza, secado, planchado y plegado de todo tipo de ropa de aerolíneas, restaurantes, laboratorios, hoteles y de particulares.</p>
</li><li><a href="https://www.fundacioiris.org/es/servicios/manipulados/" title="Manipulados"><img loading="lazy" decoding="async" width="480" height="320" src="https://www.fundacioiris.org/wp-content/uploads/2019/04/NURI-70-480x320.jpg" class="attachment-medium-thumb size-medium-thumb wp-post-image" alt="Manipulados" title="" srcset="https://www.fundacioiris.org/wp-content/uploads/2019/04/NURI-70-480x320.jpg 480w, https://www.fundacioiris.org/wp-content/uploads/2019/04/NURI-70-370x246.jpg 370w" sizes="(max-width: 480px) 100vw, 480px" /></a><h4 class="box-header"><a href="https://www.fundacioiris.org/es/servicios/manipulados/" title="Manipulados">Manipulados</a></h4><p>Ofrecemos servicios de manipulación de gran precisión y calidad como montaje, packaging, ensobrados, alzados o lavado de embalajes plásticos.</p>
</li></ul></li></ul>[vc_empty_space height=»60px»][vc_single_image image=»4095&#8243; img_size=»700&#215;120&#8243; alignment=»center»][/vc_column][/vc_row]</p>
</section>

<!-- This site is optimized with the Yoast SEO plugin v24.5 - https://yoast.com/wordpress/plugins/seo/ -->
<title>Empresa social | Fundació Iris</title>
<meta name="description" content="CET Iris tiene como objetivo conseguir la máxima adaptación e integración laboral y social de los trabajadores con discapacidad intelectual." />
<meta name="robots" content="index, follow, max-snippet:-1, max-image-preview:large, max-video-preview:-1" />
<link rel="canonical" href="https://www.fundacioiris.org/es/servicios/" />
<meta property="og:locale" content="es_ES" />
<meta property="og:type" content="article" />
<meta property="og:title" content="Empresa social | Fundació Iris" />
<meta property="og:description" content="CET Iris tiene como objetivo conseguir la máxima adaptación e integración laboral y social de los trabajadores con discapacidad intelectual." />
<meta property="og:url" content="https://www.fundacioiris.org/es/servicios/" />
<meta property="og:site_name" content="Fundació Iris" />
<meta property="article:modified_time" content="2025-07-31T14:43:31+00:00" />
<meta name="twitter:card" content="summary_large_image" />
<meta name="twitter:label1" content="Tiempo de lectura" />
	<meta name="twitter:data1" content="1 minuto" />
<script type="application/ld+json" class="yoast-schema-graph">{"@context":"https://schema.org","@graph":[{"@type":"WebPage","@id":"https://www.fundacioiris.org/es/servicios/","url":"https://www.fundacioiris.org/es/servicios/","name":"Empresa social | Fundació Iris","isPartOf":{"@id":"https://www.fundacioiris.org/es/#website"},"datePublished":"2019-04-15T08:45:35+00:00","dateModified":"2025-07-31T14:43:31+00:00","description":"CET Iris tiene como objetivo conseguir la máxima adaptación e integración laboral y social de los trabajadores con discapacidad intelectual.","breadcrumb":{"@id":"https://www.fundacioiris.org/es/servicios/#breadcrumb"},"inLanguage":"es","potentialAction":[{"@type":"ReadAction","target":["https://www.fundacioiris.org/es/servicios/"]}]},{"@type":"BreadcrumbList","@id":"https://www.fundacioiris.org/es/servicios/#breadcrumb","itemListElement":[{"@type":"ListItem","position":1,"name":"Inici","item":"https://www.fundacioiris.org/es/"},{"@type":"ListItem","position":2,"name":"Empresa social"}]},{"@type":"WebSite","@id":"https://www.fundacioiris.org/es/#website","url":"https://www.fundacioiris.org/es/","name":"Fundació Iris","description":"Desde 1973 al lado de las personas con discapacidad intelectual","potentialAction":[{"@type":"SearchAction","target":{"@type":"EntryPoint","urlTemplate":"https://www.fundacioiris.org/es/?s={search_term_string}"},"query-input":{"@type":"PropertyValueSpecification","valueRequired":true,"valueName":"search_term_string"}}],"inLanguage":"es"}]}</script>
<!-- / Yoast SEO plugin. -->

Empresa social | Fundació Iris

CET Iris tiene como objetivo conseguir la máxima adaptación e integración laboral y social de los trabajadores con discapacidad intelectual.

Fundació Iris
